se 9) in base 14?
-6a
What is -5 (base 8) in base 10?
-5
Convert 27 (base 15) to base 7.
52
-a (base 14) to base 4
-22
-3 (base 13) to base 14
-3
0 (base 11) to base 15
0
What is 4a (base 13) in base 10?
62
Convert -452 (base 6) to base 9.
-215
10 (base 2) to base 11
2
What is -18 (base 10) in base 15?
-13
What is -1000 (base 2) in base 3?
-22
0 (base 6) to base 2
0
Convert -11 (base 7) to base 15.
-8
What is -a0 (base 15) in base 14?
-aa
2a (base 11) to base 8
40
What is 8 (base 15) in base 10?
8
What is 7 (base 12) in base 2?
111
101 (base 5) to base 12
22
Convert 7 (base 15) to base 16.
7
3 (base 14) to base 12
3
1b (base 12) to base 7
32
What is 1b (base 13) in base 8?
30
What is 56 (base 11) in base 8?
75
What is -312 (base 5) in base 6?
-214
Convert 140 (base 10) to base 15.
95
Convert -1 (base 15) to base 14.
-1
Convert -10 (base 4) to base 3.
-11
Convert 434 (base 6) to base 16.
a6
Convert 100100 (base 2) to base 8.
44
Convert 140 (base 9) to base 10.
117
8 (base 13) to base 15
8
What is 12 (base 3) in base 4?
11
6 (base 16) to base 6
10
-10 (base 10) to base 14
-a
Convert 54 (base 8) to base 14.
32
-44 (base 7) to base 8
-40
What is -2 (base 11) in base 16?
-2
2 (base 8) to base 11
2
What is 2 (base 7) in base 2?
10
Convert -1 (base 7) to base 6.
-1
60 (base 12) to base 14
52
Convert -6 (base 8) to base 16.
-6
-2 (base 3) to base 13
-2
2 (base 16) to base 2
10
What is -18 (base 10) in base 6?
-30
-16 (base 15) to base 7
-30
What is 0 (base 12) in base 16?
0
What is -11 (base 7) in base 15?
-8
What is 1010 (base 2) in base 8?
12
-62 (base 15) to base 16
-5c
Convert 181 (base 9) to base 8.
232
What is 27 (base 11) in base 15?
1e
-51 (base 6) to base 9
-34
What is 30 (base 4) in base 6?
20
Convert 19 (base 15) to base 10.
24
Convert 57 (base 14) to base 7.
140
-108 (base 11) to base 4
-2001
What is -6 (base 13) in base 14?
-6
What is -14 (base 6) in base 13?
-a
Convert 122 (base 3) to base 8.
21
-43 (base 5) to base 6
-35
What is 0 (base 9) in base 11?
0
Convert 111 (base 2) to base 12.
7
-48 (base 13) to base 7
-114
What is 20122 (base 3) in base 7?
344
Convert -25 (base 11) to base 6.
-43
2 (base 7) to base 8
2
1 (base 3) to base 10
1
What is -4 (base 15) in base 9?
-4
Convert 2 (base 8) to base 2.
10
What is -11110 (base 2) in base 3?
-1010
What is 6 (base 15) in base 10?
6
What is -314 (base 6) in base 11?
-a8
-10 (base 5) to base 4
-11
Convert -210 (base 11) to base 3.
-100101
-d (base 15) to base 6
-21
203 (base 10) to base 2
11001011
1 (base 7) to base 15
1
12 (base 9) to base 11
10
What is 51 (base 16) in base 9?
100
-3 (base 11) to base 14
-3
Convert -66 (base 16) to base 12.
-86
Convert 112 (base 9) to base 7.
161
Convert -11 (base 9) to base 2.
-1010
-19 (base 10) to base 3
-201
0 (base 6) to base 11
0
Convert -212 (base 5) to base 7.
-111
-4 (base 11) to base 3
-11
What is -3 (base 12) in base 11?
-3
10232 (base 4) to base 12
212
Convert 22 (base 4) to base 6.
14
What is -144 (base 11) in base 9?
-207
3 (base 16) to base 5
3
Convert 121 (base 5) to base 9.
40
Convert -2121 (base 3) to base 6.
-154
What is 5 (base 13) in base 6?
5
What is 0 (base 3) in base 9?
0
-301 (base 6) to base 13
-85
-11 (base 4) to base 2
-101
What is -1221 (base 3) in base 14?
-3a
What is 6 (base 12) in base 6?
10
What is 3 (base 16) in base 2?
11
Convert -354 (base 8) to base 5.
-1421
0 (base 3) to base 2
0
5 (base 15) to base 7
5
Convert -5 (base 15) to base 9.
-5
Convert 13 (base 6) to base 11.
9
-1 (base 6) to base 5
-1
Convert -20 (base 7) to base 4.
-32
What is 54 (base 13) in base 9?
76
What is 1000011 (base 2) in base 5?
232
What is -2 (base 13) in base 2?
-10
111 (base 4) to base 8
25
12 (base 14) to base 12
14
What is -34 (base 12) in base 2?
-101000
What is -42 (base 8) in base 14?
-26
Convert -68 (base 13) to base 12.
-72
What is 3 (base 9) in base 5?
3
Convert -8 (base 13) to base 12.
-8
What is 1 (base 8) in base 6?
1
-10 (base 2) to base 3
-2
What is 22 (base 11) in base 15?
19
Convert 65 (base 7) to base 8.
57
What is 0 (base 16) in base 2?
0
Convert -2 (base 5) to base 4.
-2
What is -19 (base 16) in base 12?
-21
1 (base 12) to base 16
1
Convert -4 (base 12) to base 5.
-4
Convert -45 (base 7) to base 5.
-113
Convert -31 (base 13) to base 8.
-50
1 (base 11) to base 2
1
What is 12 (base 10) in base 7?
15
What is 20 (base 4) in base 7?
11
7a (base 13) to base 12
85
Convert 113 (base 9) to base 5.
333
94 (base 15) to base 7
256
Convert 6 (base 12) to base 11.
6
40 (base 5) to base 11
19
-120 (base 4) to base 16
-18
What is 23 (base 4) in base 8?
13
What is -36 (base 10) in base 11?
-33
Convert -28 (base 11) to base 10.
-30
-2 (base 4) to base 3
-2
Convert -110110 (base 2) to base 11.
-4a
4d (base 15) to base 16
49
100000110 (base 2) to base 11
219
Convert -17 (base 12) to base 2.
-10011
Convert -4 (base 7) to base 2.
-100
Convert 1c0 (base 13) to base 9.
401
What is b (base 16) in base 2?
1011
Convert -61 (base 11) to base 6.
-151
-3 (base 7) to base 15
-3
Convert 10 (base 2) to base 16.
2
131 (base 10) to base 14
95
Convert -101 (base 8) to base 6.
-145
103 (base 5) to base 14
20
3 (base 16) to base 2
11
-4d (base 16) to base 13
-5c
41 (base 16) to base 2
1000001
What is -120 (base 4) in base 16?
-18
-2 (base 13) to base 12
-2
What is -1 (base 6) in base 9?
-1
What is 408 (base 9) in base 6?
1312
What is 4 (base 6) in base 13?
4
10 (base 2) to base 5
2
Convert -d (base 14) to base 11.
-12
-14 (base 8) to base 6
-20
What is -4 (base 15) in base 12?
-4
-6 (base 14) to base 12
-6
What is 2 (base 4) in base 14?
2
202 (base 4) to base 7
46
Convert -18 (base 11) to base 16.
-13
Convert 7 (base 9) to base 16.
7
-8b (base 13) to base 3
-11021
What is -11 (base 4) in base 6?
-5
Convert -4 (base 15) to base 5.
-4
Convert -11210 (base 3) to base 15.
-89
What is 20 (base 3) in base 6?
10
Convert 0 (base 15) to base 16.
0
Convert -243 (base 5) to base 16.
-49
What is 13 (base 11) in base 9?
15
What is -57 (base 16) in base 9?
-106
What is 3 (base 5) in base 15?
3
What is -18 (base 13) in base 16?
-15
What is -1 (base 8) in base 6?
-1
Convert -13 (base 9) to base 3.
-110
-1 (base 2) to base 8
-1
Convert -205 (base 6) to base 7.
-140
What is 14 (base 9) in base 14?
d
What is 5 (base 15) in base 5?
10
Convert 3 (base 9) to base 16.
3
What is 13 (base 15) in base 9?
20
Convert -104 (base 5) to base 7.
-41
What is -18 (base 11) in base 3?
-201
10 (base 2) to base 16
2
Convert 225 (base 8) to base 2.
10010101
-201 (base 4) to base 16
-21
What is -65 (base 15) in base 8?
-137
What is -8 (base 13) in base 2?
-1000
Convert 31 (base 11) to base 7.
46
-1110 (base 2) to base 8
-16
Convert 111 (base 3) to base 16.
d
Convert -2113 (base 4) to base 12.
-107
-1112 (base 3) to base 8
-51
Convert -4 (base 14) to base 4.
-10
1 (base 13) to base 15
1
4 (base 10) to base 12
4
Convert -332 (base 6) to base 4.
-2000
2 (base 10) to base 6
2
7 (base 8) to base 12
7
-433 (base 8) to base 4
-10123
Convert 5 (base 14) to base 6.
5
4 (base 9) to base 5
4
1134 (base 5) to base 8
251
-1 (base 9) to base 11
-1
1 (base 5) to base 16
1
-31 (base 10) to base 13
-25
Convert -43 (base 5) to base 7.
-32
What is -3 (base 5) in base 9?
-3
What is 42 (base 10) in base 9?
46
What is -1a (base 11) in base 14?
-17
Convert -36 (base 9) to base 13.
-27
What is 4 (base 5) in base 6?
4
What is -3 (base 8) in base 12?
-3
What is -58 (base 10) in base 9?
-64
5 (base 15) to base 11
5
-301 (base 9) to base 16
-f4
What is -11 (base 12) in base 11?
-12
Convert -11 (base 7) to base 13.
-8
20 (base 3) to base 4
12
-1010111 (base 2) to base 9
-106
Convert 109 (base 15) to base 7.
453
Convert 1 (base 6) to base 11.
1
What is 86 (base 10) in base 11?
79
Convert 1 (base 7) to base 3.
1
Convert 4 (base 11) to base 5.
4
What is -3 (base 9) in base 2?
-11
Convert -10120 (base 4) to base 9.
-341
Convert -7 (base 11) to base 14.
-7
What is 9 (base 15) in base 8?
11
-20 (base 8) to base 14
-12
Convert 13 (base 6) to base 8.
11
-e (base 15) to base 9
-15
What is -21 (base 8) in base 5?
-32
What is -116 (base 8) in base 9?
-86
Convert -5 (base 10) to base 16.
-5
-33 (base 6) to base 11
-1a
What is -4 (base 5) in base 6?
-4
What is -3 (base 15) in base 9?
-3
Convert 28 (base 10) to base 2.
11100
What is 0 (base 13